{"id":4159,"date":"2023-05-17T16:18:34","date_gmt":"2023-05-17T16:18:34","guid":{"rendered":"https:\/\/www.superhigroup.com\/shop\/prodotto\/test-po4-fosfati-dolce\/"},"modified":"2026-04-30T17:16:04","modified_gmt":"2026-04-30T15:16:04","slug":"test-po4-fosfati-dolce","status":"publish","type":"product","link":"https:\/\/www.superhigroup.com\/shop\/prodotto\/test-po4-fosfati-dolce\/","title":{"rendered":"Test PO4 Fosfati"},"content":{"rendered":"<p><img loading=\"lazy\" decoding=\"async\" class=\"aligncenter wp-image-4676 size-full\" src=\"https:\/\/www.superhigroup.com\/shop\/wp-content\/uploads\/2023\/06\/istruzioni-test-po4-acquario-tropicale.png\" alt=\"istruzioni del test per la misurazione PO4 in acquario tropicale\" width=\"1000\" height=\"848\" srcset=\"https:\/\/www.superhigroup.com\/shop\/wp-content\/uploads\/2023\/06\/istruzioni-test-po4-acquario-tropicale.png 1000w, https:\/\/www.superhigroup.com\/shop\/wp-content\/uploads\/2023\/06\/istruzioni-test-po4-acquario-tropicale-300x254.png 300w, https:\/\/www.superhigroup.com\/shop\/wp-content\/uploads\/2023\/06\/istruzioni-test-po4-acquario-tropicale-768x651.png 768w, https:\/\/www.superhigroup.com\/shop\/wp-content\/uploads\/2023\/06\/istruzioni-test-po4-acquario-tropicale-416x353.png 416w\" sizes=\"auto, (max-width: 1000px) 100vw, 1000px\" \/><\/p>\n","protected":false},"excerpt":{"rendered":"<p>Reagente per la misurazione dei fosfati in acquari d\u2019acqua dolce.<br \/>\nI fosfati, chimicamente abbreviati in PO4, sono un prodotto di scarto dei pesci ed invertebrati.<br \/>\nIl fosfato non \u00e8 tossico per i pesci e quindi non \u00e8 un problema per la loro salute. Il fosfato, come il nitrato, \u00e8 un elemento indispensabile per le piante ma un suo eccesso pu\u00f2 causare gravi problemi di crescita\u00a0 algale.<br \/>\nIn acqua dolce il massimo livello tollerato \u00e8 di 1 mg\/L.<\/p>\n<p>&nbsp;<\/p>\n","protected":false},"featured_media":4598,"template":"","meta":{"_acf_changed":false},"product_brand":[],"product_cat":[318,380],"product_tag":[],"class_list":{"0":"post-4159","1":"product","2":"type-product","3":"status-publish","4":"has-post-thumbnail","6":"product_cat-acquario-tropicale","7":"product_cat-test-acquario-tropicale","9":"first","10":"instock","11":"purchasable","12":"product-type-simple"},"acf":[],"yoast_head":"<!-- This site is optimized with the Yoast SEO plugin v27.4 - https:\/\/yoast.com\/product\/yoast-seo-wordpress\/ -->\n<title>Test PO4 Fosfati - SHG shop<\/title>\n<meta name=\"robots\" content=\"index, follow, max-snippet:-1, max-image-preview:large, max-video-preview:-1\" \/>\n<link rel=\"canonical\" href=\"https:\/\/www.superhigroup.com\/shop\/prodotto\/test-po4-fosfati-dolce\/\" \/>\n<meta property=\"og:locale\" content=\"it_IT\" \/>\n<meta property=\"og:type\" content=\"article\" \/>\n<meta property=\"og:title\" content=\"Test PO4 Fosfati - SHG shop\" \/>\n<meta property=\"og:description\" content=\"Reagente per la misurazione dei fosfati in acquari d\u2019acqua dolce. I fosfati, chimicamente abbreviati in PO4, sono un prodotto di scarto dei pesci ed invertebrati. Il fosfato non \u00e8 tossico per i pesci e quindi non \u00e8 un problema per la loro salute. Il fosfato, come il nitrato, \u00e8 un elemento indispensabile per le piante ma un suo eccesso pu\u00f2 causare gravi problemi di crescita\u00a0 algale. In acqua dolce il massimo livello tollerato \u00e8 di 1 mg\/L.  &nbsp;\" \/>\n<meta property=\"og:url\" content=\"https:\/\/www.superhigroup.com\/shop\/prodotto\/test-po4-fosfati-dolce\/\" \/>\n<meta property=\"og:site_name\" content=\"SHG shop\" \/>\n<meta property=\"article:modified_time\" content=\"2026-04-30T15:16:04+00:00\" \/>\n<meta property=\"og:image\" content=\"https:\/\/www.superhigroup.com\/shop\/wp-content\/uploads\/2023\/05\/testpo4-dolce.png\" \/>\n\t<meta property=\"og:image:width\" content=\"1000\" \/>\n\t<meta property=\"og:image:height\" content=\"1000\" \/>\n\t<meta property=\"og:image:type\" content=\"image\/png\" \/>\n<meta name=\"twitter:card\" content=\"summary_large_image\" \/>\n<meta name=\"twitter:label1\" content=\"Tempo di lettura stimato\" \/>\n\t<meta name=\"twitter:data1\" content=\"1 minuto\" \/>\n<script type=\"application\/ld+json\" class=\"yoast-schema-graph\">{\"@context\":\"https:\\\/\\\/schema.org\",\"@graph\":[{\"@type\":\"WebPage\",\"@id\":\"https:\\\/\\\/www.superhigroup.com\\\/shop\\\/prodotto\\\/test-po4-fosfati-dolce\\\/\",\"url\":\"https:\\\/\\\/www.superhigroup.com\\\/shop\\\/prodotto\\\/test-po4-fosfati-dolce\\\/\",\"name\":\"Test PO4 Fosfati - SHG shop\",\"isPartOf\":{\"@id\":\"https:\\\/\\\/www.superhigroup.com\\\/shop\\\/#website\"},\"primaryImageOfPage\":{\"@id\":\"https:\\\/\\\/www.superhigroup.com\\\/shop\\\/prodotto\\\/test-po4-fosfati-dolce\\\/#primaryimage\"},\"image\":{\"@id\":\"https:\\\/\\\/www.superhigroup.com\\\/shop\\\/prodotto\\\/test-po4-fosfati-dolce\\\/#primaryimage\"},\"thumbnailUrl\":\"https:\\\/\\\/www.superhigroup.com\\\/shop\\\/wp-content\\\/uploads\\\/2023\\\/05\\\/testpo4-dolce.png\",\"datePublished\":\"2023-05-17T16:18:34+00:00\",\"dateModified\":\"2026-04-30T15:16:04+00:00\",\"breadcrumb\":{\"@id\":\"https:\\\/\\\/www.superhigroup.com\\\/shop\\\/prodotto\\\/test-po4-fosfati-dolce\\\/#breadcrumb\"},\"inLanguage\":\"it-IT\",\"potentialAction\":[{\"@type\":\"ReadAction\",\"target\":[\"https:\\\/\\\/www.superhigroup.com\\\/shop\\\/prodotto\\\/test-po4-fosfati-dolce\\\/\"]}]},{\"@type\":\"ImageObject\",\"inLanguage\":\"it-IT\",\"@id\":\"https:\\\/\\\/www.superhigroup.com\\\/shop\\\/prodotto\\\/test-po4-fosfati-dolce\\\/#primaryimage\",\"url\":\"https:\\\/\\\/www.superhigroup.com\\\/shop\\\/wp-content\\\/uploads\\\/2023\\\/05\\\/testpo4-dolce.png\",\"contentUrl\":\"https:\\\/\\\/www.superhigroup.com\\\/shop\\\/wp-content\\\/uploads\\\/2023\\\/05\\\/testpo4-dolce.png\",\"width\":1000,\"height\":1000,\"caption\":\"confezione test per la misurazione del PO4\"},{\"@type\":\"BreadcrumbList\",\"@id\":\"https:\\\/\\\/www.superhigroup.com\\\/shop\\\/prodotto\\\/test-po4-fosfati-dolce\\\/#breadcrumb\",\"itemListElement\":[{\"@type\":\"ListItem\",\"position\":1,\"name\":\"Home\",\"item\":\"https:\\\/\\\/www.superhigroup.com\\\/shop\\\/\"},{\"@type\":\"ListItem\",\"position\":2,\"name\":\"Shop\",\"item\":\"https:\\\/\\\/www.superhigroup.com\\\/shop\\\/negozio\\\/\"},{\"@type\":\"ListItem\",\"position\":3,\"name\":\"Test PO4 Fosfati\"}]},{\"@type\":\"WebSite\",\"@id\":\"https:\\\/\\\/www.superhigroup.com\\\/shop\\\/#website\",\"url\":\"https:\\\/\\\/www.superhigroup.com\\\/shop\\\/\",\"name\":\"SHG shop\",\"description\":\"SHG shop\",\"publisher\":{\"@id\":\"https:\\\/\\\/www.superhigroup.com\\\/shop\\\/#organization\"},\"potentialAction\":[{\"@type\":\"SearchAction\",\"target\":{\"@type\":\"EntryPoint\",\"urlTemplate\":\"https:\\\/\\\/www.superhigroup.com\\\/shop\\\/?s={search_term_string}\"},\"query-input\":{\"@type\":\"PropertyValueSpecification\",\"valueRequired\":true,\"valueName\":\"search_term_string\"}}],\"inLanguage\":\"it-IT\"},{\"@type\":\"Organization\",\"@id\":\"https:\\\/\\\/www.superhigroup.com\\\/shop\\\/#organization\",\"name\":\"SHG s.r.l.\",\"url\":\"https:\\\/\\\/www.superhigroup.com\\\/shop\\\/\",\"logo\":{\"@type\":\"ImageObject\",\"inLanguage\":\"it-IT\",\"@id\":\"https:\\\/\\\/www.superhigroup.com\\\/shop\\\/#\\\/schema\\\/logo\\\/image\\\/\",\"url\":\"https:\\\/\\\/www.superhigroup.com\\\/shop\\\/wp-content\\\/uploads\\\/2023\\\/05\\\/logo.png\",\"contentUrl\":\"https:\\\/\\\/www.superhigroup.com\\\/shop\\\/wp-content\\\/uploads\\\/2023\\\/05\\\/logo.png\",\"width\":317,\"height\":79,\"caption\":\"SHG s.r.l.\"},\"image\":{\"@id\":\"https:\\\/\\\/www.superhigroup.com\\\/shop\\\/#\\\/schema\\\/logo\\\/image\\\/\"}}]}<\/script>\n<!-- \/ Yoast SEO plugin. -->","yoast_head_json":{"title":"Test PO4 Fosfati - SHG shop","robots":{"index":"index","follow":"follow","max-snippet":"max-snippet:-1","max-image-preview":"max-image-preview:large","max-video-preview":"max-video-preview:-1"},"canonical":"https:\/\/www.superhigroup.com\/shop\/prodotto\/test-po4-fosfati-dolce\/","og_locale":"it_IT","og_type":"article","og_title":"Test PO4 Fosfati - SHG shop","og_description":"Reagente per la misurazione dei fosfati in acquari d\u2019acqua dolce. I fosfati, chimicamente abbreviati in PO4, sono un prodotto di scarto dei pesci ed invertebrati. Il fosfato non \u00e8 tossico per i pesci e quindi non \u00e8 un problema per la loro salute. Il fosfato, come il nitrato, \u00e8 un elemento indispensabile per le piante ma un suo eccesso pu\u00f2 causare gravi problemi di crescita\u00a0 algale. In acqua dolce il massimo livello tollerato \u00e8 di 1 mg\/L.  &nbsp;","og_url":"https:\/\/www.superhigroup.com\/shop\/prodotto\/test-po4-fosfati-dolce\/","og_site_name":"SHG shop","article_modified_time":"2026-04-30T15:16:04+00:00","og_image":[{"width":1000,"height":1000,"url":"https:\/\/www.superhigroup.com\/shop\/wp-content\/uploads\/2023\/05\/testpo4-dolce.png","type":"image\/png"}],"twitter_card":"summary_large_image","twitter_misc":{"Tempo di lettura stimato":"1 minuto"},"schema":{"@context":"https:\/\/schema.org","@graph":[{"@type":"WebPage","@id":"https:\/\/www.superhigroup.com\/shop\/prodotto\/test-po4-fosfati-dolce\/","url":"https:\/\/www.superhigroup.com\/shop\/prodotto\/test-po4-fosfati-dolce\/","name":"Test PO4 Fosfati - SHG shop","isPartOf":{"@id":"https:\/\/www.superhigroup.com\/shop\/#website"},"primaryImageOfPage":{"@id":"https:\/\/www.superhigroup.com\/shop\/prodotto\/test-po4-fosfati-dolce\/#primaryimage"},"image":{"@id":"https:\/\/www.superhigroup.com\/shop\/prodotto\/test-po4-fosfati-dolce\/#primaryimage"},"thumbnailUrl":"https:\/\/www.superhigroup.com\/shop\/wp-content\/uploads\/2023\/05\/testpo4-dolce.png","datePublished":"2023-05-17T16:18:34+00:00","dateModified":"2026-04-30T15:16:04+00:00","breadcrumb":{"@id":"https:\/\/www.superhigroup.com\/shop\/prodotto\/test-po4-fosfati-dolce\/#breadcrumb"},"inLanguage":"it-IT","potentialAction":[{"@type":"ReadAction","target":["https:\/\/www.superhigroup.com\/shop\/prodotto\/test-po4-fosfati-dolce\/"]}]},{"@type":"ImageObject","inLanguage":"it-IT","@id":"https:\/\/www.superhigroup.com\/shop\/prodotto\/test-po4-fosfati-dolce\/#primaryimage","url":"https:\/\/www.superhigroup.com\/shop\/wp-content\/uploads\/2023\/05\/testpo4-dolce.png","contentUrl":"https:\/\/www.superhigroup.com\/shop\/wp-content\/uploads\/2023\/05\/testpo4-dolce.png","width":1000,"height":1000,"caption":"confezione test per la misurazione del PO4"},{"@type":"BreadcrumbList","@id":"https:\/\/www.superhigroup.com\/shop\/prodotto\/test-po4-fosfati-dolce\/#breadcrumb","itemListElement":[{"@type":"ListItem","position":1,"name":"Home","item":"https:\/\/www.superhigroup.com\/shop\/"},{"@type":"ListItem","position":2,"name":"Shop","item":"https:\/\/www.superhigroup.com\/shop\/negozio\/"},{"@type":"ListItem","position":3,"name":"Test PO4 Fosfati"}]},{"@type":"WebSite","@id":"https:\/\/www.superhigroup.com\/shop\/#website","url":"https:\/\/www.superhigroup.com\/shop\/","name":"SHG shop","description":"SHG shop","publisher":{"@id":"https:\/\/www.superhigroup.com\/shop\/#organization"},"potentialAction":[{"@type":"SearchAction","target":{"@type":"EntryPoint","urlTemplate":"https:\/\/www.superhigroup.com\/shop\/?s={search_term_string}"},"query-input":{"@type":"PropertyValueSpecification","valueRequired":true,"valueName":"search_term_string"}}],"inLanguage":"it-IT"},{"@type":"Organization","@id":"https:\/\/www.superhigroup.com\/shop\/#organization","name":"SHG s.r.l.","url":"https:\/\/www.superhigroup.com\/shop\/","logo":{"@type":"ImageObject","inLanguage":"it-IT","@id":"https:\/\/www.superhigroup.com\/shop\/#\/schema\/logo\/image\/","url":"https:\/\/www.superhigroup.com\/shop\/wp-content\/uploads\/2023\/05\/logo.png","contentUrl":"https:\/\/www.superhigroup.com\/shop\/wp-content\/uploads\/2023\/05\/logo.png","width":317,"height":79,"caption":"SHG s.r.l."},"image":{"@id":"https:\/\/www.superhigroup.com\/shop\/#\/schema\/logo\/image\/"}}]}},"_links":{"self":[{"href":"https:\/\/www.superhigroup.com\/shop\/wp-json\/wp\/v2\/product\/4159","targetHints":{"allow":["GET"]}}],"collection":[{"href":"https:\/\/www.superhigroup.com\/shop\/wp-json\/wp\/v2\/product"}],"about":[{"href":"https:\/\/www.superhigroup.com\/shop\/wp-json\/wp\/v2\/types\/product"}],"wp:featuredmedia":[{"embeddable":true,"href":"https:\/\/www.superhigroup.com\/shop\/wp-json\/wp\/v2\/media\/4598"}],"wp:attachment":[{"href":"https:\/\/www.superhigroup.com\/shop\/wp-json\/wp\/v2\/media?parent=4159"}],"wp:term":[{"taxonomy":"product_brand","embeddable":true,"href":"https:\/\/www.superhigroup.com\/shop\/wp-json\/wp\/v2\/product_brand?post=4159"},{"taxonomy":"product_cat","embeddable":true,"href":"https:\/\/www.superhigroup.com\/shop\/wp-json\/wp\/v2\/product_cat?post=4159"},{"taxonomy":"product_tag","embeddable":true,"href":"https:\/\/www.superhigroup.com\/shop\/wp-json\/wp\/v2\/product_tag?post=4159"}],"curies":[{"name":"wp","href":"https:\/\/api.w.org\/{rel}","templated":true}]}}