{"id":4150,"date":"2023-05-17T16:18:33","date_gmt":"2023-05-17T16:18:33","guid":{"rendered":"https:\/\/www.superhigroup.com\/shop\/prodotto\/test-kh-durezza-carbonatica\/"},"modified":"2026-04-17T16:08:22","modified_gmt":"2026-04-17T14:08:22","slug":"test-kh-durezza-carbonatica","status":"publish","type":"product","link":"https:\/\/www.superhigroup.com\/shop\/prodotto\/test-kh-durezza-carbonatica\/","title":{"rendered":"Test KH durezza carbonatica"},"content":{"rendered":"<p><img loading=\"lazy\" decoding=\"async\" class=\"aligncenter wp-image-4663 size-full\" src=\"https:\/\/www.superhigroup.com\/shop\/wp-content\/uploads\/2023\/06\/istruzioni-test-kh.png\" alt=\"Istruzioni del test per la misurazione del kh in acquario marino e tropicale\" width=\"1000\" height=\"1000\" srcset=\"https:\/\/www.superhigroup.com\/shop\/wp-content\/uploads\/2023\/06\/istruzioni-test-kh.png 1000w, https:\/\/www.superhigroup.com\/shop\/wp-content\/uploads\/2023\/06\/istruzioni-test-kh-300x300.png 300w, https:\/\/www.superhigroup.com\/shop\/wp-content\/uploads\/2023\/06\/istruzioni-test-kh-150x150.png 150w, https:\/\/www.superhigroup.com\/shop\/wp-content\/uploads\/2023\/06\/istruzioni-test-kh-768x768.png 768w, https:\/\/www.superhigroup.com\/shop\/wp-content\/uploads\/2023\/06\/istruzioni-test-kh-324x324.png 324w, https:\/\/www.superhigroup.com\/shop\/wp-content\/uploads\/2023\/06\/istruzioni-test-kh-416x416.png 416w, https:\/\/www.superhigroup.com\/shop\/wp-content\/uploads\/2023\/06\/istruzioni-test-kh-100x100.png 100w\" sizes=\"auto, (max-width: 1000px) 100vw, 1000px\" \/><\/p>\n","protected":false},"excerpt":{"rendered":"<p>Reagente per la misurazione della durezza carbonatica in acquario, sia d\u2019acqua dolce che marina.<br \/>\nI gradi KH sono un\u2019unit\u00e0 di misura tedesca per indicare la durezza carbonatica, detta anche \u201cdurezza temporanea dell\u2019acqua\u201d. Il KH \u00e8 costituito da forme di acido carbonico, quali i bicarbonati ed i carbonati, che determinano la capacit\u00e0 tampone del pH in acqua.<br \/>\nUn pH stabile \u00e8 essenziale per il benessere degli organismi acquatici, pertanto la presenza di queste sostanze chimiche deve essere controllata periodicamente.<\/p>\n","protected":false},"featured_media":4600,"template":"","meta":{"_acf_changed":false},"product_brand":[],"product_cat":[319,317,318,342,380],"product_tag":[],"class_list":{"0":"post-4150","1":"product","2":"type-product","3":"status-publish","4":"has-post-thumbnail","6":"product_cat-acqua-fredda","7":"product_cat-acquario-marino","8":"product_cat-acquario-tropicale","9":"product_cat-test","10":"product_cat-test-acquario-tropicale","12":"first","13":"instock","14":"purchasable","15":"product-type-simple"},"acf":[],"yoast_head":"<!-- This site is optimized with the Yoast SEO plugin v27.4 - https:\/\/yoast.com\/product\/yoast-seo-wordpress\/ -->\n<title>Test KH durezza carbonatica - SHG shop<\/title>\n<meta name=\"robots\" content=\"index, follow, max-snippet:-1, max-image-preview:large, max-video-preview:-1\" \/>\n<link rel=\"canonical\" href=\"https:\/\/www.superhigroup.com\/shop\/prodotto\/test-kh-durezza-carbonatica\/\" \/>\n<meta property=\"og:locale\" content=\"it_IT\" \/>\n<meta property=\"og:type\" content=\"article\" \/>\n<meta property=\"og:title\" content=\"Test KH durezza carbonatica - SHG shop\" \/>\n<meta property=\"og:description\" content=\"Reagente per la misurazione della durezza carbonatica in acquario, sia d\u2019acqua dolce che marina. I gradi KH sono un\u2019unit\u00e0 di misura tedesca per indicare la durezza carbonatica, detta anche \u201cdurezza temporanea dell\u2019acqua\u201d. Il KH \u00e8 costituito da forme di acido carbonico, quali i bicarbonati ed i carbonati, che determinano la capacit\u00e0 tampone del pH in acqua. Un pH stabile \u00e8 essenziale per il benessere degli organismi acquatici, pertanto la presenza di queste sostanze chimiche deve essere controllata periodicamente.\" \/>\n<meta property=\"og:url\" content=\"https:\/\/www.superhigroup.com\/shop\/prodotto\/test-kh-durezza-carbonatica\/\" \/>\n<meta property=\"og:site_name\" content=\"SHG shop\" \/>\n<meta property=\"article:modified_time\" content=\"2026-04-17T14:08:22+00:00\" \/>\n<meta property=\"og:image\" content=\"https:\/\/www.superhigroup.com\/shop\/wp-content\/uploads\/2023\/05\/test-kh.png\" \/>\n\t<meta property=\"og:image:width\" content=\"1000\" \/>\n\t<meta property=\"og:image:height\" content=\"1000\" \/>\n\t<meta property=\"og:image:type\" content=\"image\/png\" \/>\n<meta name=\"twitter:card\" content=\"summary_large_image\" \/>\n<meta name=\"twitter:label1\" content=\"Tempo di lettura stimato\" \/>\n\t<meta name=\"twitter:data1\" content=\"1 minuto\" \/>\n<script type=\"application\/ld+json\" class=\"yoast-schema-graph\">{\"@context\":\"https:\\\/\\\/schema.org\",\"@graph\":[{\"@type\":\"WebPage\",\"@id\":\"https:\\\/\\\/www.superhigroup.com\\\/shop\\\/prodotto\\\/test-kh-durezza-carbonatica\\\/\",\"url\":\"https:\\\/\\\/www.superhigroup.com\\\/shop\\\/prodotto\\\/test-kh-durezza-carbonatica\\\/\",\"name\":\"Test KH durezza carbonatica - SHG shop\",\"isPartOf\":{\"@id\":\"https:\\\/\\\/www.superhigroup.com\\\/shop\\\/#website\"},\"primaryImageOfPage\":{\"@id\":\"https:\\\/\\\/www.superhigroup.com\\\/shop\\\/prodotto\\\/test-kh-durezza-carbonatica\\\/#primaryimage\"},\"image\":{\"@id\":\"https:\\\/\\\/www.superhigroup.com\\\/shop\\\/prodotto\\\/test-kh-durezza-carbonatica\\\/#primaryimage\"},\"thumbnailUrl\":\"https:\\\/\\\/www.superhigroup.com\\\/shop\\\/wp-content\\\/uploads\\\/2023\\\/05\\\/test-kh.png\",\"datePublished\":\"2023-05-17T16:18:33+00:00\",\"dateModified\":\"2026-04-17T14:08:22+00:00\",\"breadcrumb\":{\"@id\":\"https:\\\/\\\/www.superhigroup.com\\\/shop\\\/prodotto\\\/test-kh-durezza-carbonatica\\\/#breadcrumb\"},\"inLanguage\":\"it-IT\",\"potentialAction\":[{\"@type\":\"ReadAction\",\"target\":[\"https:\\\/\\\/www.superhigroup.com\\\/shop\\\/prodotto\\\/test-kh-durezza-carbonatica\\\/\"]}]},{\"@type\":\"ImageObject\",\"inLanguage\":\"it-IT\",\"@id\":\"https:\\\/\\\/www.superhigroup.com\\\/shop\\\/prodotto\\\/test-kh-durezza-carbonatica\\\/#primaryimage\",\"url\":\"https:\\\/\\\/www.superhigroup.com\\\/shop\\\/wp-content\\\/uploads\\\/2023\\\/05\\\/test-kh.png\",\"contentUrl\":\"https:\\\/\\\/www.superhigroup.com\\\/shop\\\/wp-content\\\/uploads\\\/2023\\\/05\\\/test-kh.png\",\"width\":1000,\"height\":1000,\"caption\":\"confezione del test KH per acquario marino e tropicale\"},{\"@type\":\"BreadcrumbList\",\"@id\":\"https:\\\/\\\/www.superhigroup.com\\\/shop\\\/prodotto\\\/test-kh-durezza-carbonatica\\\/#breadcrumb\",\"itemListElement\":[{\"@type\":\"ListItem\",\"position\":1,\"name\":\"Home\",\"item\":\"https:\\\/\\\/www.superhigroup.com\\\/shop\\\/\"},{\"@type\":\"ListItem\",\"position\":2,\"name\":\"Shop\",\"item\":\"https:\\\/\\\/www.superhigroup.com\\\/shop\\\/negozio\\\/\"},{\"@type\":\"ListItem\",\"position\":3,\"name\":\"Test KH durezza carbonatica\"}]},{\"@type\":\"WebSite\",\"@id\":\"https:\\\/\\\/www.superhigroup.com\\\/shop\\\/#website\",\"url\":\"https:\\\/\\\/www.superhigroup.com\\\/shop\\\/\",\"name\":\"SHG shop\",\"description\":\"SHG shop\",\"publisher\":{\"@id\":\"https:\\\/\\\/www.superhigroup.com\\\/shop\\\/#organization\"},\"potentialAction\":[{\"@type\":\"SearchAction\",\"target\":{\"@type\":\"EntryPoint\",\"urlTemplate\":\"https:\\\/\\\/www.superhigroup.com\\\/shop\\\/?s={search_term_string}\"},\"query-input\":{\"@type\":\"PropertyValueSpecification\",\"valueRequired\":true,\"valueName\":\"search_term_string\"}}],\"inLanguage\":\"it-IT\"},{\"@type\":\"Organization\",\"@id\":\"https:\\\/\\\/www.superhigroup.com\\\/shop\\\/#organization\",\"name\":\"SHG s.r.l.\",\"url\":\"https:\\\/\\\/www.superhigroup.com\\\/shop\\\/\",\"logo\":{\"@type\":\"ImageObject\",\"inLanguage\":\"it-IT\",\"@id\":\"https:\\\/\\\/www.superhigroup.com\\\/shop\\\/#\\\/schema\\\/logo\\\/image\\\/\",\"url\":\"https:\\\/\\\/www.superhigroup.com\\\/shop\\\/wp-content\\\/uploads\\\/2023\\\/05\\\/logo.png\",\"contentUrl\":\"https:\\\/\\\/www.superhigroup.com\\\/shop\\\/wp-content\\\/uploads\\\/2023\\\/05\\\/logo.png\",\"width\":317,\"height\":79,\"caption\":\"SHG s.r.l.\"},\"image\":{\"@id\":\"https:\\\/\\\/www.superhigroup.com\\\/shop\\\/#\\\/schema\\\/logo\\\/image\\\/\"}}]}<\/script>\n<!-- \/ Yoast SEO plugin. -->","yoast_head_json":{"title":"Test KH durezza carbonatica - SHG shop","robots":{"index":"index","follow":"follow","max-snippet":"max-snippet:-1","max-image-preview":"max-image-preview:large","max-video-preview":"max-video-preview:-1"},"canonical":"https:\/\/www.superhigroup.com\/shop\/prodotto\/test-kh-durezza-carbonatica\/","og_locale":"it_IT","og_type":"article","og_title":"Test KH durezza carbonatica - SHG shop","og_description":"Reagente per la misurazione della durezza carbonatica in acquario, sia d\u2019acqua dolce che marina. I gradi KH sono un\u2019unit\u00e0 di misura tedesca per indicare la durezza carbonatica, detta anche \u201cdurezza temporanea dell\u2019acqua\u201d. Il KH \u00e8 costituito da forme di acido carbonico, quali i bicarbonati ed i carbonati, che determinano la capacit\u00e0 tampone del pH in acqua. Un pH stabile \u00e8 essenziale per il benessere degli organismi acquatici, pertanto la presenza di queste sostanze chimiche deve essere controllata periodicamente.","og_url":"https:\/\/www.superhigroup.com\/shop\/prodotto\/test-kh-durezza-carbonatica\/","og_site_name":"SHG shop","article_modified_time":"2026-04-17T14:08:22+00:00","og_image":[{"width":1000,"height":1000,"url":"https:\/\/www.superhigroup.com\/shop\/wp-content\/uploads\/2023\/05\/test-kh.png","type":"image\/png"}],"twitter_card":"summary_large_image","twitter_misc":{"Tempo di lettura stimato":"1 minuto"},"schema":{"@context":"https:\/\/schema.org","@graph":[{"@type":"WebPage","@id":"https:\/\/www.superhigroup.com\/shop\/prodotto\/test-kh-durezza-carbonatica\/","url":"https:\/\/www.superhigroup.com\/shop\/prodotto\/test-kh-durezza-carbonatica\/","name":"Test KH durezza carbonatica - SHG shop","isPartOf":{"@id":"https:\/\/www.superhigroup.com\/shop\/#website"},"primaryImageOfPage":{"@id":"https:\/\/www.superhigroup.com\/shop\/prodotto\/test-kh-durezza-carbonatica\/#primaryimage"},"image":{"@id":"https:\/\/www.superhigroup.com\/shop\/prodotto\/test-kh-durezza-carbonatica\/#primaryimage"},"thumbnailUrl":"https:\/\/www.superhigroup.com\/shop\/wp-content\/uploads\/2023\/05\/test-kh.png","datePublished":"2023-05-17T16:18:33+00:00","dateModified":"2026-04-17T14:08:22+00:00","breadcrumb":{"@id":"https:\/\/www.superhigroup.com\/shop\/prodotto\/test-kh-durezza-carbonatica\/#breadcrumb"},"inLanguage":"it-IT","potentialAction":[{"@type":"ReadAction","target":["https:\/\/www.superhigroup.com\/shop\/prodotto\/test-kh-durezza-carbonatica\/"]}]},{"@type":"ImageObject","inLanguage":"it-IT","@id":"https:\/\/www.superhigroup.com\/shop\/prodotto\/test-kh-durezza-carbonatica\/#primaryimage","url":"https:\/\/www.superhigroup.com\/shop\/wp-content\/uploads\/2023\/05\/test-kh.png","contentUrl":"https:\/\/www.superhigroup.com\/shop\/wp-content\/uploads\/2023\/05\/test-kh.png","width":1000,"height":1000,"caption":"confezione del test KH per acquario marino e tropicale"},{"@type":"BreadcrumbList","@id":"https:\/\/www.superhigroup.com\/shop\/prodotto\/test-kh-durezza-carbonatica\/#breadcrumb","itemListElement":[{"@type":"ListItem","position":1,"name":"Home","item":"https:\/\/www.superhigroup.com\/shop\/"},{"@type":"ListItem","position":2,"name":"Shop","item":"https:\/\/www.superhigroup.com\/shop\/negozio\/"},{"@type":"ListItem","position":3,"name":"Test KH durezza carbonatica"}]},{"@type":"WebSite","@id":"https:\/\/www.superhigroup.com\/shop\/#website","url":"https:\/\/www.superhigroup.com\/shop\/","name":"SHG shop","description":"SHG shop","publisher":{"@id":"https:\/\/www.superhigroup.com\/shop\/#organization"},"potentialAction":[{"@type":"SearchAction","target":{"@type":"EntryPoint","urlTemplate":"https:\/\/www.superhigroup.com\/shop\/?s={search_term_string}"},"query-input":{"@type":"PropertyValueSpecification","valueRequired":true,"valueName":"search_term_string"}}],"inLanguage":"it-IT"},{"@type":"Organization","@id":"https:\/\/www.superhigroup.com\/shop\/#organization","name":"SHG s.r.l.","url":"https:\/\/www.superhigroup.com\/shop\/","logo":{"@type":"ImageObject","inLanguage":"it-IT","@id":"https:\/\/www.superhigroup.com\/shop\/#\/schema\/logo\/image\/","url":"https:\/\/www.superhigroup.com\/shop\/wp-content\/uploads\/2023\/05\/logo.png","contentUrl":"https:\/\/www.superhigroup.com\/shop\/wp-content\/uploads\/2023\/05\/logo.png","width":317,"height":79,"caption":"SHG s.r.l."},"image":{"@id":"https:\/\/www.superhigroup.com\/shop\/#\/schema\/logo\/image\/"}}]}},"_links":{"self":[{"href":"https:\/\/www.superhigroup.com\/shop\/wp-json\/wp\/v2\/product\/4150","targetHints":{"allow":["GET"]}}],"collection":[{"href":"https:\/\/www.superhigroup.com\/shop\/wp-json\/wp\/v2\/product"}],"about":[{"href":"https:\/\/www.superhigroup.com\/shop\/wp-json\/wp\/v2\/types\/product"}],"wp:featuredmedia":[{"embeddable":true,"href":"https:\/\/www.superhigroup.com\/shop\/wp-json\/wp\/v2\/media\/4600"}],"wp:attachment":[{"href":"https:\/\/www.superhigroup.com\/shop\/wp-json\/wp\/v2\/media?parent=4150"}],"wp:term":[{"taxonomy":"product_brand","embeddable":true,"href":"https:\/\/www.superhigroup.com\/shop\/wp-json\/wp\/v2\/product_brand?post=4150"},{"taxonomy":"product_cat","embeddable":true,"href":"https:\/\/www.superhigroup.com\/shop\/wp-json\/wp\/v2\/product_cat?post=4150"},{"taxonomy":"product_tag","embeddable":true,"href":"https:\/\/www.superhigroup.com\/shop\/wp-json\/wp\/v2\/product_tag?post=4150"}],"curies":[{"name":"wp","href":"https:\/\/api.w.org\/{rel}","templated":true}]}}