{"id":3,"date":"2023-05-17T11:29:38","date_gmt":"2023-05-17T11:29:38","guid":{"rendered":"https:\/\/www.superhigroup.com\/shop\/?page_id=3"},"modified":"2025-01-27T09:58:28","modified_gmt":"2025-01-27T07:58:28","slug":"privacy-policy","status":"publish","type":"page","link":"https:\/\/www.superhigroup.com\/shop\/privacy-policy\/","title":{"rendered":"Privacy Policy"},"content":{"rendered":"\n<h2 class=\"wp-block-heading\">Trattamento dei dati personali<\/h2>\n\n\n\n<p>Ai sensi e per gli effetti dell\u2019Art. 13 del Nuovo Regolamento Europeo 2016\/679 relativo alla protezione delle persone fisiche con riguardo al trattamento dei dati personali (GENERAL DATA PROTECTION REGULATION \u2013 GDPR)<\/p>\n\n\n\n<p>Come richiesto dal Regolamento Generale sulla Protezione dei Dati Personali dell\u2019Unione Europea (GDPR 2016\/679, Articolo 13), prima di procedere al trattamento, l\u2019Interessato (utente del sito internet https:\/\/www.superhigroup.com\/shop) \u00e8 informato che i dati personali raccolti attraverso il sito sono oggetto di trattamento da parte della Societ\u00e0 mediante strumenti informatici e\/o telematici, per le finalit\u00e0 indicate nella presente informativa.<\/p>\n\n\n\n<p>A tal fine all\u2019interessato \u00e8 sottoposta l\u2019Informativa Privacy predisposta da SHG s.r.l., ideatore e promotore delle attivit\u00e0 disponibili nel sito <a href=\"https:\/\/www.superhigroup.com\/shop\">https:\/\/www.superhigroup.com\/shop<\/a><\/p>\n\n\n\n<h2 class=\"wp-block-heading\">Titolare del trattamento<\/h2>\n\n\n\n<p>Il Titolare del trattamento \u00e8 SHG Srl, P.IVA 02029260060, con sede in Strada Rebba, 58 Ovada (AL), che pu\u00f2 essere contattato via email all\u2019indirizzo info@superhigroup.com o via telefono al numero 0143.845810.<\/p>\n\n\n\n<p>Per ulteriori informazioni relative ai diritti dell\u2019interessato, si prega di considerare il Paragrafo denominato \u201cDiritti degli interessati\u201d della presente informativa.<\/p>\n\n\n\n<h2 class=\"wp-block-heading\">Informazioni sul trattamento<\/h2>\n\n\n\n<p>I dati personali oggetto di trattamento vengono raccolti direttamente da parte di SHG Srl o da soggetti terzi da questa espressamente autorizzati, ovvero comunicati dalla Societ\u00e0 a tali soggetti terzi per il perseguimento delle finalit\u00e0 di seguito descritte.<\/p>\n\n\n\n<h2 class=\"wp-block-heading\">Base giuridica e finalit\u00e0 del trattamento<\/h2>\n\n\n\n<p>I dati personali conferiti dall\u2019utente in occasione della navigazione sul sito internet www.superhigroup.com\/shop sono trattati dal Titolare conformemente alle vigenti normative in materia di Protezione dei dati personali.<\/p>\n\n\n\n<p>La base giuridica del trattamento si individua nella prestazione dei propri servizi da parte della Societ\u00e0, nella gestione e facilitazione del sito internet, nonch\u00e9 nella costituzione, esecuzione ed eventuale risoluzione del contratto di vendita on-line concluso tra le parti e negli obblighi al medesimo contratto connessi e\/o dallo stesso direttamente e\/o indirettamente derivanti.<\/p>\n\n\n\n<p>Il trattamento dei dati personali da parte di SHG s.r.l. \u00e8 volto al perseguimento delle seguenti finalit\u00e0:<\/p>\n\n\n\n<p>1) Registrazione su www.superhigroup.com\/shop: nel caso in cui l\u2019utente decida di effettuare la registrazione al sito solo in seguito ad un eventuale e specifico consenso, i dati personali saranno trattati dal Titolare del Trattamento ai fini della registrazione su www.superhigroup.com\/shop. In particolare, a fronte del conferimento del proprio nome, cognome, indirizzo e-mail e dell\u2019impostazione di una password di accesso, questi saranno trattati per la creazione di un account personale, per velocizzare la procedura di acquisto, per permettere all\u2019utente di visualizzare lo stato degli ordini e ricevere aggiornamenti sugli acquisti effettuati, modificare le impostazioni personali ed aggiornare l\u2019account, visualizzare lo storico dei resi e le richieste di cambio merce.<\/p>\n\n\n\n<p>2) Attivit\u00e0 di shopping online: i dati personali forniti saranno utilizzati ai fini dell\u2019instaurazione, gestione, esecuzione e\/o conclusione del contratto di vendita on-line. I dati conferiti saranno trattati dal Titolare del trattamento ai fini della gestione dell\u2019ordine di acquisto con riferimento, a titolo esemplificativo, all\u2019attivit\u00e0 di pagamento, spedizione, presa in carico di eventuali resi, per assistenza clienti, per l\u2019esecuzione delle finalit\u00e0 amministrativo \u2013 contabili legate alla gestione dell\u2019ordine, per l\u2019adempimento di obblighi previsti dalla normativa vigente. In caso di pagamento con carta di credito, le informazioni fondamentali per l\u2019esecuzione della transazione (numero della carta di credito\/debito, data di scadenza, codice di sicurezza) saranno trattate da PayPal o, eventualmente, da societ\u00e0 incaricate del controllo antifrode tramite protocollo crittografato e senza che soggetti terzi possano in alcun modo avervi accesso. Tali informazioni non saranno comunque mai visualizzate n\u00e9 memorizzate da parte del venditore ( SHG s.r.l.).<\/p>\n\n\n\n<p>3) Profilazione: solo in seguito ad un eventuale ed esplicito consenso, i dati personali forniti potranno essere trattati dal Titolare del Trattamento per attivit\u00e0 di profilazione, ovvero di analisi delle preferenze volte alla creazione di contenuti e offerte personalizzate.<\/p>\n\n\n\n<h2 class=\"wp-block-heading\">Natura del trattamento<\/h2>\n\n\n\n<p>In relazione alle finalit\u00e0 di cui al punto 1) del paragrafo precedente, il conferimento dei dati personali e del consenso al loro trattamento \u00e8 obbligatorio. L\u2019eventuale mancato conferimento del consenso comporta l\u2019impossibilit\u00e0 per SHG di consentire la registrazione su www.superhigroup.com\/shop, la creazione dell\u2019account personale, la velocizzazione della procedura di acquisto, la visualizzazione dello stato degli ordini e la ricezione degli aggiornamenti sugli acquisti effettuati, la possibilit\u00e0 per l\u2019utente di modificare le impostazioni personali ed aggiornare l\u2019account, di visualizzare lo storico dei resi e le richieste di cambio merce.<\/p>\n\n\n\n<p>In relazione alle finalit\u00e0 di cui al punto 2) del paragrafo precedente, il conferimento dei dati personali e del consenso al loro trattamento \u00e8 obbligatorio. L\u2019eventuale mancato conferimento del consenso comporta l\u2019impossibilit\u00e0 per www.superhigroup.com\/shop di procedere all\u2019instaurazione, gestione, esecuzione e\/o conclusione del contratto di vendita on-line, pertanto l\u2019impossibilit\u00e0 di eseguire, a titolo esemplificativo, le attivit\u00e0 legate al pagamento, alla spedizione, alla presa in carico di eventuali resi, alle attivit\u00e0 di assistenza clienti, all\u2019esecuzione delle finalit\u00e0 amministrativo \u2013 contabili legate alla gestione dell\u2019ordine, e all\u2019adempimento di obblighi previsti dalla normativa vigente.<\/p>\n\n\n\n<p>In relazione alle finalit\u00e0 di cui al punto 3) del paragrafo precedente, il conferimento dei dati personali e del consenso al loro trattamento \u00e8 facoltativo. L\u2019eventuale mancato conferimento del consenso comporta l\u2019impossibilit\u00e0 per SHG di effettuare attivit\u00e0 di profilazione, ovvero di effettuare analisi delle preferenze volte alla creazione di contenuti e offerte personalizzate.<\/p>\n\n\n\n<h2 class=\"wp-block-heading\">Dati personali trattati<\/h2>\n\n\n\n<p>I dati personali oggetto di trattamento da parte del Titolare sono quelli forniti dall\u2019utente in occasione della navigazione sul sito internet www.superhigroup.com\/shop, in occasione dell\u2019eventuale registrazione \/ adesione ai servizi \/ programmi messi a disposizione di www.superhigroup.com\/shop e\/o dell\u2019eventuale acquisto di prodotti messi a disposizione di www.superhigroup.com\/shop, come, a titolo esemplificativo: nome, cognome e indirizzo e-mail, oltre ai dati necessari per l\u2019erogazione del servizio di vendita online come, ad esempio, quelli funzionali all\u2019esecuzione del pagamento e alla spedizione\/cambio dei prodotti acquistati.<\/p>\n\n\n\n<h2 class=\"wp-block-heading\">Modalit\u00e0 di Trattamento e Conservazione dei dati<\/h2>\n\n\n\n<p>Il trattamento dei dati personali \u00e8 eseguito da parte del Titolare nel rispetto di quanto previsto dalla vigente normativa in materia di Privacy. Il Titolare effettua il trattamento dei dati personali mediante strumenti informatici e\/o telematici e con modalit\u00e0 organizzative e logiche strettamente correlate al perseguimento delle finalit\u00e0 indicate nella presente informativa, nonch\u00e9 adottando le misure di sicurezza opportune al fine di impedire l\u2019accesso, la divulgazione, la modifica o la distruzione non autorizzati dei dati personali, la loro perdita e il loro utilizzo illecito e non corretto. Tuttavia la Societ\u00e0 non pu\u00f2 garantire ai propri utenti che le misure adottate per la sicurezza del sito e della trasmissione dei dati e delle informazioni sul sito siano in grado di limitare o escludere qualsiasi rischio di accesso non consentito o di dispersione dei dati da parte di dispositivi di pertinenza dell\u2019utente. Per tale motivo, si suggerisce agli utenti del sito di assicurarsi che il proprio computer sia dotato di software adeguati alla protezione della trasmissione in rete di dati (ad esempio antivirus aggiornati) e che il proprio Internet Provider abbia adottato misure idonee per la sicurezza della trasmissione di dati in rete. La Societ\u00e0 si impegna altres\u00ec a trattare i dati secondo i principi di correttezza, liceit\u00e0 e trasparenza, a raccoglierli nella misura necessaria ed esatta per il trattamento e a consentirne l\u2019utilizzo solo da parte di personale allo scopo autorizzato. La gestione e la conservazione dei dati personali acquisiti avverr\u00e0 presso archivi o su server ubicati all\u2019interno dell\u2019Unione Europea di propriet\u00e0 del Titolare e\/o di societ\u00e0 terze nominate Responsabili Esterni del trattamento e, comunque, attualmente situati in Italia. In relazione alle diverse finalit\u00e0 per i quali sono raccolti, i dati personali saranno conservati per il tempo strettamente necessario al conseguimento delle stesse e, in ogni caso, conformemente alle disposizioni normative vigenti in materia. In ogni caso, la Societ\u00e0 avr\u00e0 cura di evitare l\u2019utilizzo dei dati a tempo indeterminato procedendo, con cadenza periodica, a verificare idoneamente l\u2019effettivo permanere dell\u2019interesse del soggetto a cui si riferiscono.<\/p>\n\n\n\n<h2 class=\"wp-block-heading\">Destinatari e Responsabili del trattamento<\/h2>\n\n\n\n<p>I dati raccolti non saranno in alcun modo diffusi, ma saranno trattati nei limiti e per le finalit\u00e0 descritte da parte dei dipendenti della Societ\u00e0 sulla base di adeguate istruzioni operative (ad esempio, personale amministrativo, commerciale, marketing, legale, amministratori di sistema, etc.). Alcuni trattamenti di dati potranno essere altres\u00ec effettuati da soggetti terzi, nominati Responsabili Esterni del Trattamento, di cui il Titolare si avvale o potrebbe avvalersi nell\u2019ambito della gestione del rapporto contrattuale, dell\u2019erogazione dei servizi offerti e per esigenze organizzative della propria attivit\u00e0. In particolare, i dati potrebbero essere comunicati a:<\/p>\n\n\n\n<p>a) soggetti, pubblici e privati, che possono accedere ai dati in forza di disposizione di legge, di regolamento o di normativa comunitaria, nei limiti previsti da tali norme;<\/p>\n\n\n\n<p>b) soggetti che necessitano di accedere ai dati per finalit\u00e0 connesse al rapporto contrattuale in essere tra le parti, nei limiti strettamente necessari allo svolgimento dei compiti ausiliari (quali, ad esempio, banche ed istituti di credito, fornitori di servizi tecnici, hosting provider, societ\u00e0 informatiche, agenzie di comunicazione, corrieri postali e societ\u00e0 di spedizioni);<\/p>\n\n\n\n<p>c) consulenti, nei limiti necessari allo svolgimento del proprio incarico professionale.<\/p>\n\n\n\n<p>L\u2019elenco aggiornato dei Responsabili Esterni e dei soggetti autorizzati al trattamento \u00e8 custodito presso la sede del Titolare del trattamento e si trova a disposizione dell\u2019Interessato, previa richiesta da effettuare tramite mail all&#8217;indirizzo info@superhigroup.com<\/p>\n\n\n\n<h2 class=\"wp-block-heading\">Trasferimento dei dati all\u2019estero<\/h2>\n\n\n\n<p>La gestione e la conservazione dei dati personali avverr\u00e0 su server del Titolare e\/o di societ\u00e0 terze debitamente nominate quali Responsabili Esterni del trattamento ubicati all\u2019interno dell\u2019Unione Europea.<\/p>\n\n\n\n<p>I dati personali potranno essere trasferiti all\u2019estero, in conformit\u00e0 a quanto previsto dalla normativa vigente, anche in Paesi non appartenenti all\u2019Unione Europea. Il trasferimento in Paesi Extra UE, oltre ai casi in cui questo \u00e8 garantito da Decisioni di Adeguatezza della Commissione, \u00e8 effettuato in modo da fornire Garanzie appropriate e opportune ai sensi degli artt. 46 o 47 o 49 del Regolamento.<\/p>\n\n\n\n<h2 class=\"wp-block-heading\">Diritti degli Interessati<\/h2>\n\n\n\n<p>In qualit\u00e0 di Interessato, l\u2019utente potr\u00e0 esercitare, in qualunque momento, i diritti previsti agli articoli 15, 16, 17, 18, 20 e 21 del GDPR che conferiscono, in particolare, la facolt\u00e0 di:<\/p>\n\n\n\n<p>a) ottenere dal Titolare del Trattamento, ai sensi dell\u2019Articolo 15, la conferma che sia o meno in corso un trattamento di propri dati personali e, in tal caso, ottenere l\u2019accesso ai dati stessi e ad informazioni quali: (i) le finalit\u00e0 del trattamento; (ii) le categorie di dati personali; (iii) i destinatari o le categorie di destinatari a cui i dati personali sono stati o saranno comunicati, in particolare se si tratta di destinatari situati in Paesi Terzi o Organizzazioni Internazionali; (iv) quando possibile, il periodo di conservazione dei dati personali previsto ovvero, se non \u00e8 possibile, i criteri utilizzati per determinare tale periodo;<\/p>\n\n\n\n<p>b) ottenere dal Titolare del trattamento, ai sensi dell\u2019Articolo 16, la rettifica dei dati personali inesatti che lo riguardano senza ingiustificato ritardo; tenuto conto delle finalit\u00e0 del trattamento, l\u2019interessato ha il diritto di ottenere l\u2019integrazione dei dati personali incompleti, anche fornendo una dichiarazione integrativa;<\/p>\n\n\n\n<p>c) ottenere dal Titolare del trattamento, ai sensi dell\u2019Articolo 17, la cancellazione dei dati personali che lo riguardano senza ingiustificato ritardo. Il Titolare ha l\u2019obbligo di cancellare, senza ingiustificato ritardo, i dati personali se sussiste uno dei motivi indicati dal comma 1 dell\u2019Articolo 17;<\/p>\n\n\n\n<p>d) ottenere dal Titolare del Trattamento, ai sensi dell\u2019Art. 18, la limitazione del trattamento quando ricorre una delle ipotesi disciplinate dal comma 1 dell\u2019Articolo 18;<\/p>\n\n\n\n<p>e) ottenere dal Titolare del trattamento, ai sensi dell\u2019Articolo 20, la portabilit\u00e0 dei dati ossia ricevere in un formato strutturato, di uso comune e leggibile da un dispositivo automatico, i dati personali che lo riguardano forniti a un Titolare del trattamento. L\u2019Interessato ha altres\u00ec il diritto di trasmettere tali dati ad un altro Titolare del trattamento senza impedimenti da parte del primo Titolare cui li ha forniti, qualora ricorrano le condizioni indicate dall\u2019Articolo 20 comma 1. Infine, l\u2019Interessato ha il diritto di ottenere la trasmissione diretta dei dati personali da un Titolare del trattamento all\u2019altro, se tecnicamente fattibile;<\/p>\n\n\n\n<p>f) opporsi, in tutto o in parte, ai sensi dell\u2019Articolo 21, al trattamento dei dati personali che lo riguardano.<\/p>\n\n\n\n<p>Per l\u2019esercizio dei propri diritti l\u2019utente pu\u00f2 trasmette le proprie richieste a info@superhigroup.com<\/p>\n\n\n\n<p>Si segnala, inoltre, che l\u2019Interessato ha il diritto di revocare il consenso in qualsiasi momento senza pregiudicare la liceit\u00e0 del trattamento basato sul consenso prestato prima della revoca, ferme restando le conseguenze sopra indicate in merito ad un eventuale rifiuto a fornire tali dati personali. L\u2019Interessato ha altres\u00ec il diritto di proporre un reclamo ad un\u2019Autorit\u00e0 di Controllo.<\/p>\n\n\n\n<p>Pu\u00f2 avanzare le richieste in merito all\u2019esercizio di tali diritti contattando il Titolare del Trattamento inviando una comunicazione all&#8217;indirizzo info@superhigroup.com<\/p>\n\n\n\n<p>SHG s.r.l. si impegna a rispondere alle richieste dell\u2019Interessato entro il termine di un mese, salvi i casi di particolare complessit\u00e0 per cui potrebbe impiegare al massimo tre mesi. In ogni caso, il Titolare del Trattamento provveder\u00e0 a dare evidenza all\u2019Interessato del motivo dell\u2019attesa entro un mese dalla richiesta. L\u2019esito della richiesta sar\u00e0 fornito per iscritto o su formato elettronico. In caso di richiesta di rettifica, cancellazione nonch\u00e9 limitazione del trattamento, il Titolare del Trattamento si impegna a comunicare gli esiti delle richieste ricevute da parte dell\u2019Interessato a ciascuno dei destinatari dei suoi dati, salvo che ci\u00f2 risulti impossibile o implichi uno sforzo sproporzionato.<\/p>\n\n\n\n<p>La Societ\u00e0 specifica che potr\u00e0 essere richiesto all\u2019Interessato un eventuale contributo qualora le domande risultino manifestamente infondate, eccessive o ripetitive; a tal proposito il Titolare del Trattamento si doter\u00e0 di un registro per tracciare le richieste di intervento.<\/p>\n\n\n\n<h2 class=\"wp-block-heading\">Modifiche alla presente informativa<\/h2>\n\n\n\n<p>Il titolare del trattamento si riserva il diritto di apportare modifiche alla presente Privacy Policy in qualunque momento dandone pubblicit\u00e0 agli utenti sul sito www.superhigroup.com\/shop. Si prega dunque di consultare spesso questa pagina, prendendo come riferimento la data di ultima modifica indicata al termine del documento. Nel caso di mancata accettazione delle modifiche apportate alla presente Privacy Policy, l\u2019Interessato pu\u00f2 richiedere al Titolare del trattamento di cancellare i propri dati personali. Salvo quanto diversamente specificato, la precedente Privacy Policy continuer\u00e0 ad applicarsi ai dati personali sino a quel momento raccolti.<\/p>\n\n\n\n<p>Data aggiornamento 28\/06\/2023<\/p>\n","protected":false},"excerpt":{"rendered":"<p>Trattamento dei dati personali Ai sensi e per gli effetti dell\u2019Art. 13 del Nuovo Regolamento Europeo 2016\/679 relativo alla protezione delle persone fisiche con riguardo al trattamento dei dati personali (GENERAL DATA PROTECTION REGULATION \u2013 GDPR) Come richiesto dal Regolamento Generale sulla Protezione dei Dati Personali dell\u2019Unione Europea (GDPR 2016\/679, Articolo 13), prima di procedere [&hellip;]<\/p>\n","protected":false},"author":1,"featured_media":0,"parent":0,"menu_order":0,"comment_status":"closed","ping_status":"open","template":"","meta":{"_acf_changed":false,"footnotes":""},"class_list":["post-3","page","type-page","status-publish","hentry"],"acf":[],"yoast_head":"<!-- This site is optimized with the Yoast SEO plugin v27.4 - https:\/\/yoast.com\/product\/yoast-seo-wordpress\/ -->\n<title>Privacy Policy - SHG shop<\/title>\n<meta name=\"robots\" content=\"index, follow, max-snippet:-1, max-image-preview:large, max-video-preview:-1\" \/>\n<link rel=\"canonical\" href=\"https:\/\/www.superhigroup.com\/shop\/privacy-policy\/\" \/>\n<meta property=\"og:locale\" content=\"it_IT\" \/>\n<meta property=\"og:type\" content=\"article\" \/>\n<meta property=\"og:title\" content=\"Privacy Policy - SHG shop\" \/>\n<meta property=\"og:description\" content=\"Trattamento dei dati personali Ai sensi e per gli effetti dell\u2019Art. 13 del Nuovo Regolamento Europeo 2016\/679 relativo alla protezione delle persone fisiche con riguardo al trattamento dei dati personali (GENERAL DATA PROTECTION REGULATION \u2013 GDPR) Come richiesto dal Regolamento Generale sulla Protezione dei Dati Personali dell\u2019Unione Europea (GDPR 2016\/679, Articolo 13), prima di procedere [&hellip;]\" \/>\n<meta property=\"og:url\" content=\"https:\/\/www.superhigroup.com\/shop\/privacy-policy\/\" \/>\n<meta property=\"og:site_name\" content=\"SHG shop\" \/>\n<meta property=\"article:modified_time\" content=\"2025-01-27T07:58:28+00:00\" \/>\n<meta name=\"twitter:card\" content=\"summary_large_image\" \/>\n<meta name=\"twitter:label1\" content=\"Tempo di lettura stimato\" \/>\n\t<meta name=\"twitter:data1\" content=\"13 minuti\" \/>\n<script type=\"application\/ld+json\" class=\"yoast-schema-graph\">{\"@context\":\"https:\\\/\\\/schema.org\",\"@graph\":[{\"@type\":\"WebPage\",\"@id\":\"https:\\\/\\\/www.superhigroup.com\\\/shop\\\/privacy-policy\\\/\",\"url\":\"https:\\\/\\\/www.superhigroup.com\\\/shop\\\/privacy-policy\\\/\",\"name\":\"Privacy Policy - SHG shop\",\"isPartOf\":{\"@id\":\"https:\\\/\\\/www.superhigroup.com\\\/shop\\\/#website\"},\"datePublished\":\"2023-05-17T11:29:38+00:00\",\"dateModified\":\"2025-01-27T07:58:28+00:00\",\"breadcrumb\":{\"@id\":\"https:\\\/\\\/www.superhigroup.com\\\/shop\\\/privacy-policy\\\/#breadcrumb\"},\"inLanguage\":\"it-IT\",\"potentialAction\":[{\"@type\":\"ReadAction\",\"target\":[\"https:\\\/\\\/www.superhigroup.com\\\/shop\\\/privacy-policy\\\/\"]}]},{\"@type\":\"BreadcrumbList\",\"@id\":\"https:\\\/\\\/www.superhigroup.com\\\/shop\\\/privacy-policy\\\/#breadcrumb\",\"itemListElement\":[{\"@type\":\"ListItem\",\"position\":1,\"name\":\"Home\",\"item\":\"https:\\\/\\\/www.superhigroup.com\\\/shop\\\/\"},{\"@type\":\"ListItem\",\"position\":2,\"name\":\"Privacy Policy\"}]},{\"@type\":\"WebSite\",\"@id\":\"https:\\\/\\\/www.superhigroup.com\\\/shop\\\/#website\",\"url\":\"https:\\\/\\\/www.superhigroup.com\\\/shop\\\/\",\"name\":\"SHG shop\",\"description\":\"SHG shop\",\"publisher\":{\"@id\":\"https:\\\/\\\/www.superhigroup.com\\\/shop\\\/#organization\"},\"potentialAction\":[{\"@type\":\"SearchAction\",\"target\":{\"@type\":\"EntryPoint\",\"urlTemplate\":\"https:\\\/\\\/www.superhigroup.com\\\/shop\\\/?s={search_term_string}\"},\"query-input\":{\"@type\":\"PropertyValueSpecification\",\"valueRequired\":true,\"valueName\":\"search_term_string\"}}],\"inLanguage\":\"it-IT\"},{\"@type\":\"Organization\",\"@id\":\"https:\\\/\\\/www.superhigroup.com\\\/shop\\\/#organization\",\"name\":\"SHG s.r.l.\",\"url\":\"https:\\\/\\\/www.superhigroup.com\\\/shop\\\/\",\"logo\":{\"@type\":\"ImageObject\",\"inLanguage\":\"it-IT\",\"@id\":\"https:\\\/\\\/www.superhigroup.com\\\/shop\\\/#\\\/schema\\\/logo\\\/image\\\/\",\"url\":\"https:\\\/\\\/www.superhigroup.com\\\/shop\\\/wp-content\\\/uploads\\\/2023\\\/05\\\/logo.png\",\"contentUrl\":\"https:\\\/\\\/www.superhigroup.com\\\/shop\\\/wp-content\\\/uploads\\\/2023\\\/05\\\/logo.png\",\"width\":317,\"height\":79,\"caption\":\"SHG s.r.l.\"},\"image\":{\"@id\":\"https:\\\/\\\/www.superhigroup.com\\\/shop\\\/#\\\/schema\\\/logo\\\/image\\\/\"}}]}<\/script>\n<!-- \/ Yoast SEO plugin. -->","yoast_head_json":{"title":"Privacy Policy - SHG shop","robots":{"index":"index","follow":"follow","max-snippet":"max-snippet:-1","max-image-preview":"max-image-preview:large","max-video-preview":"max-video-preview:-1"},"canonical":"https:\/\/www.superhigroup.com\/shop\/privacy-policy\/","og_locale":"it_IT","og_type":"article","og_title":"Privacy Policy - SHG shop","og_description":"Trattamento dei dati personali Ai sensi e per gli effetti dell\u2019Art. 13 del Nuovo Regolamento Europeo 2016\/679 relativo alla protezione delle persone fisiche con riguardo al trattamento dei dati personali (GENERAL DATA PROTECTION REGULATION \u2013 GDPR) Come richiesto dal Regolamento Generale sulla Protezione dei Dati Personali dell\u2019Unione Europea (GDPR 2016\/679, Articolo 13), prima di procedere [&hellip;]","og_url":"https:\/\/www.superhigroup.com\/shop\/privacy-policy\/","og_site_name":"SHG shop","article_modified_time":"2025-01-27T07:58:28+00:00","twitter_card":"summary_large_image","twitter_misc":{"Tempo di lettura stimato":"13 minuti"},"schema":{"@context":"https:\/\/schema.org","@graph":[{"@type":"WebPage","@id":"https:\/\/www.superhigroup.com\/shop\/privacy-policy\/","url":"https:\/\/www.superhigroup.com\/shop\/privacy-policy\/","name":"Privacy Policy - SHG shop","isPartOf":{"@id":"https:\/\/www.superhigroup.com\/shop\/#website"},"datePublished":"2023-05-17T11:29:38+00:00","dateModified":"2025-01-27T07:58:28+00:00","breadcrumb":{"@id":"https:\/\/www.superhigroup.com\/shop\/privacy-policy\/#breadcrumb"},"inLanguage":"it-IT","potentialAction":[{"@type":"ReadAction","target":["https:\/\/www.superhigroup.com\/shop\/privacy-policy\/"]}]},{"@type":"BreadcrumbList","@id":"https:\/\/www.superhigroup.com\/shop\/privacy-policy\/#breadcrumb","itemListElement":[{"@type":"ListItem","position":1,"name":"Home","item":"https:\/\/www.superhigroup.com\/shop\/"},{"@type":"ListItem","position":2,"name":"Privacy Policy"}]},{"@type":"WebSite","@id":"https:\/\/www.superhigroup.com\/shop\/#website","url":"https:\/\/www.superhigroup.com\/shop\/","name":"SHG shop","description":"SHG shop","publisher":{"@id":"https:\/\/www.superhigroup.com\/shop\/#organization"},"potentialAction":[{"@type":"SearchAction","target":{"@type":"EntryPoint","urlTemplate":"https:\/\/www.superhigroup.com\/shop\/?s={search_term_string}"},"query-input":{"@type":"PropertyValueSpecification","valueRequired":true,"valueName":"search_term_string"}}],"inLanguage":"it-IT"},{"@type":"Organization","@id":"https:\/\/www.superhigroup.com\/shop\/#organization","name":"SHG s.r.l.","url":"https:\/\/www.superhigroup.com\/shop\/","logo":{"@type":"ImageObject","inLanguage":"it-IT","@id":"https:\/\/www.superhigroup.com\/shop\/#\/schema\/logo\/image\/","url":"https:\/\/www.superhigroup.com\/shop\/wp-content\/uploads\/2023\/05\/logo.png","contentUrl":"https:\/\/www.superhigroup.com\/shop\/wp-content\/uploads\/2023\/05\/logo.png","width":317,"height":79,"caption":"SHG s.r.l."},"image":{"@id":"https:\/\/www.superhigroup.com\/shop\/#\/schema\/logo\/image\/"}}]}},"_links":{"self":[{"href":"https:\/\/www.superhigroup.com\/shop\/wp-json\/wp\/v2\/pages\/3","targetHints":{"allow":["GET"]}}],"collection":[{"href":"https:\/\/www.superhigroup.com\/shop\/wp-json\/wp\/v2\/pages"}],"about":[{"href":"https:\/\/www.superhigroup.com\/shop\/wp-json\/wp\/v2\/types\/page"}],"author":[{"embeddable":true,"href":"https:\/\/www.superhigroup.com\/shop\/wp-json\/wp\/v2\/users\/1"}],"replies":[{"embeddable":true,"href":"https:\/\/www.superhigroup.com\/shop\/wp-json\/wp\/v2\/comments?post=3"}],"version-history":[{"count":8,"href":"https:\/\/www.superhigroup.com\/shop\/wp-json\/wp\/v2\/pages\/3\/revisions"}],"predecessor-version":[{"id":5906,"href":"https:\/\/www.superhigroup.com\/shop\/wp-json\/wp\/v2\/pages\/3\/revisions\/5906"}],"wp:attachment":[{"href":"https:\/\/www.superhigroup.com\/shop\/wp-json\/wp\/v2\/media?parent=3"}],"curies":[{"name":"wp","href":"https:\/\/api.w.org\/{rel}","templated":true}]}}